What is the hundreds digit of 18488?
4
What is the units digit of 89590?
0
What is the tens digit of 33176?
7
What is the hundreds digit of 7094?
0
What is the tens digit of 9152?
5
What is the hundreds digit of 6364?
3
What is the tens digit of 1047?
4
What is the units digit of 3463?
3
What is the tens digit of 924?
2
What is the hundreds digit of 12329?
3
What is the units digit of 83457?
7
What is the units digit of 6057?
7
What is the tens digit of 3816?
1
What is the tens digit of 4500?
0
What is the thousands digit of 50190?
0
What is the units digit of 24067?
7
What is the ten thousands digit of 68461?
6
What is the hundreds digit of 3408?
4
What is the units digit of 346?
6
What is the hundred thousands digit of 143939?
1
What is the tens digit of 923?
2
What is the hundreds digit of 690?
6
What is the tens digit of 23180?
8
What is the units digit of 87395?
5
What is the tens digit of 3038?
3
What is the hundreds digit of 4938?
9
What is the tens digit of 31290?
9
What is the thousands digit of 2665?
2
What is the units digit of 613?
3
What is the units digit of 2148?
8
What is the hundreds digit of 87975?
9
What is the tens digit of 1427?
2
What is the thousands digit of 1453?
1
What is the hundreds digit of 2777?
7
What is the tens digit of 2315?
1
What is the thousands digit of 90508?
0
What is the ten thousands digit of 17819?
1
What is the hundreds digit of 12360?
3
What is the tens digit of 6614?
1
What is the tens digit of 941?
4
What is the hundreds digit of 1242?
2
What is the thousands digit of 5591?
5
What is the tens digit of 33697?
9
What is the units digit of 64665?
5
What is the units digit of 9735?
5
What is the ten thousands digit of 14919?
1
What is the tens digit of 652?
5
What is the tens digit of 758?
5
What is the thousands digit of 43992?
3
What is the thousands digit of 2409?
2
What is the units digit of 31017?
7
What is the thousands digit of 5827?
5
What is the tens digit of 1907?
0
What is the thousands digit of 9475?
9
What is the units digit of 6048?
8
What is the units digit of 15787?
7
What is the thousands digit of 11141?
1
What is the units digit of 917?
7
What is the tens digit of 1527?
2
What is the ten thousands digit of 24378?
2
What is the tens digit of 4413?
1
What is the tens digit of 384?
8
What is the units digit of 6938?
8
What is the ten thousands digit of 68043?
6
What is the hundreds digit of 579?
5
What is the thousands digit of 58854?
8
What is the tens digit of 2602?
0
What is the thousands digit of 1226?
1
What is the ten thousands digit of 14799?
1
What is the units digit of 16619?
9
What is the tens digit of 64486?
8
What is the units digit of 26164?
4
What is the units digit of 51492?
2
What is the tens digit of 20359?
5
What is the hundreds digit of 11058?
0
What is the units digit of 5242?
2
What is the units digit of 2368?
8
What is the units digit of 707?
7
What is the units digit of 4?
4
What is the units digit of 72956?
6
What is the thousands digit of 7842?
7
What is the hundreds digit of 124?
1
What is the units digit of 20090?
0
What is the tens digit of 32239?
3
What is the hundreds digit of 1389?
3
What is the thousands digit of 126123?
6
What is the hundreds digit of 3335?
3
What is the units digit of 15196?
6
What is the tens digit of 1037?
3
What is the units digit of 6246?
6
What is the hundreds digit of 1272?
2
What is the units digit of 4582?
2
What is the units digit of 14027?
7
What is the thousands digit of 75576?
5
What is the thousands digit of 22230?
2
What is the units digit of 241?
1
What is the tens digit of 4198?
9
What is the units digit of 758?
8
What is the hundreds digit of 928?
9
What is the tens digit of 1708?
0
What is the units digit of 290?
0
What is the ten thousands digit of 34242?
3
What is the thousands digit of 7422?
7
What is the thousands digit of 3339?
3
What is the hundreds digit of 7923?
9
What is the tens digit of 731?
3
What is the units digit of 1332?
2
What is the thousands digit of 103328?
3
What is the tens digit of 592?
9
What is the hundreds digit of 9152?
1
What is the hundreds digit of 7876?
8
What is the tens digit of 12489?
8
What is the tens digit of 38312?
1
What is the thousands digit of 23285?
3
What is the units digit of 1253?
3
What is the tens digit of 402?
0
What is the tens digit of 95467?
6
What is the units digit of 7988?
8
What is the ten thousands digit of 17375?
1
What is the units digit of 599?
9
What is the thousands digit of 4370?
4
What is the hundreds digit of 22473?
4
What is the hundreds digit of 485?
4
What is the thousands digit of 3657?
3
What is the hundreds digit of 1229?
2
What is the tens digit of 23122?
2
What is the units digit of 139?
9
What is the hundreds digit of 14928?
9
What is the hundreds digit of 740?
7
What is the thousands digit of 35713?
5
What is the tens digit of 10955?
5
What is the tens digit of 1256?
5
What is the thousands digit of 50865?
0
What is the tens digit of 1818?
1
What is the ten thousands digit of 15640?
1
What is the thousands digit of 56824?
6
What is the thousands digit of 19893?
9
What is the tens digit of 27508?
0
What is the hundreds digit of 5599?
5
What is the tens digit of 19691?
9
What is the ten thousands digit of 164270?
6
What is the tens digit of 1450?
5
What is the hundreds digit of 8563?
5
What is the hundreds digit of 409?
4
What is the units digit of 18323?
3
What is the hundreds digit of 59708?
7
What is the units digit of 4354?
4
What is the thousands digit of 1043?
1
What is the hundreds digit of 1916?
9
What is the tens digit of 317?
1
What is the thousands digit of 10705?
0
What is the hundreds digit of 12162?
1
What is the units digit of 8024?
4
What is the hundreds digit of 701?
7
What is the hundreds digit of 4195?
1
What is the thousands digit of 5985?
5
What is the units digit of 9396?
6
What is the hundreds digit of 9932?
9
What is the tens digit of 4703?
0
What is the tens digit of 3257?
5
What is the hundreds digit of 746?
7
What is the hundreds digit of 2640?
6
What is the thousands digit of 13367?
3
What is the tens digit of 9436?
3
What is the tens digit of 888?
8
What is the hundreds digit of 27157?
1
What is the tens digit of 681?
8
What is the units digit of 14347?
7
What is the hundreds digit of 380?
3
What is the units digit of 2173?
3
What is the ten thousands digit of 22610?
2
What is the hundreds digit of 10052?
0
What is the tens digit of 6372?
7
What is the hundreds digit of 35111?
1
What is the hundreds digit of 125?
1
What is the hundreds digit of 932?
9
What is the tens digit of 1519?
1
What is the units digit of 82565?
5
What is the hundreds digit of 5613?
6
What is the hundreds digit of 3722?
7
What is the tens digit of 9044?
4
What is the tens digit of 1275?
7
What is the units digit of 9037?
7
What is the tens digit of 229?
2
What is the tens digit of 632?
3
What is the thousands digit of 3993?
3
What is the hundreds digit of 262?
2
What is the tens digit of 99672?
7
What is the units digit of 154372?
2
What is the hundreds digit of 2051?
0
What is the units digit of 441?
1
What is the thousands digit of 2022?
2
What is the thousands digit of 1475?
1
What is the units digit of 159930?
0
What is the hundreds digit of 47584?
5
What is the hundreds digit of 5247?
2
What is the tens digit of 102?
0
What is the units digit of 21744?
4
What is the hundreds digit of 382?
3
What is the units digit of 496?
6
What is the tens digit of 1343?
4
What is the hundreds digit of 5152?
1
What is the ten thousands digit of 22172?
2
What is the thousands digit of 1617?
1
What is the units digit of 4690?
0
What is the hundreds digit of 20006?
0
What is the hundred thousands digit of 118589?
1
What is the tens digit of 21110?
1
What is the ten thousands digit of 47630?
4
What is the tens digit of 4258?
5
What is the thousands digit of 8442?
8
What is the thousands digit of 1293?
1
What is the units digit of 93496?
6
What is the units digit of 24896?
6
What is the tens digit of 158941?
4
What is the tens digit of 14722?
2
What is the tens digit of 22560?
6
What is the units digit of 2309?
9
What is the units digit of 8998?
8
What is the units digit of 187?
7
What is the thousands digit of 1425?
1
What is the tens digit of 918?
1
What 